49 + -200. Calculate the highest common divisor of o and f.
49
Suppose q - 3*q = -2. Let j(o) = 2*o**2 - 37*o + 52. Let a be j(18). Let w be 153/a - (-2)/4. Calculate the greatest common factor of w and q.
1
Let l = 17 - 41. Let x = l - -90. Suppose 0 = 10489*n - 10479*n - 1650. Calculate the greatest common divisor of x and n.
33
Let l(t) be the first derivative of t**3/3 + 4*t**2 - 2. Let n be l(7). Suppose 106*w - n*w - 90 = 0. Calculate the greatest common factor of 36 and w.
18
Suppose 1655*n = 1659*n + 4*f - 1156, 0 = 3*f - 6. Calculate the greatest common divisor of n and 357.
7
Suppose -2*u + y + 2055 = 0, -42*u - 2*y + 2040 = -40*u. What is the greatest common divisor of u and 250?
25
Let h be ((-408)/(-85))/(2/(-45)). Let q = -97 - 20. Let a = h - q. Calculate the greatest common factor of a and 63.
9
Let y = -896 - -3621. Calculate the highest common factor of 1 and y.
1
Let b(g) be the third derivative of g**5/60 - g**4/6 + 40*g**3/3 + 7*g**2 - 7. Let z be b(0). What is the highest common divisor of 280 and z?
40
Suppose -3*m - 639 = -0*v + 3*v, -v + 651 = -3*m. Let c = -128 - m. Let r be (-13 + 2)/(-6 - (-4 - 1)). Calculate the highest common factor of c and r.
11
Suppose -2*l + 2364 = -4*m, -11*l = -8*l + 2*m - 3570. What is the greatest common factor of l and 495?
99
Suppose 2*f - 2929 + 1 = x, f = 4*x + 1478. What is the greatest common divisor of f and 86?
86
Suppose -14183 + 8005 = -101*o + 13517. Let y = 2 - -128. Calculate the highest common divisor of o and y.
65
Let k be 6/(-12) - (-9)/2. Suppose g = 4*g, k*t = 3*g + 112. Let w = 53 - 49. What is the highest common factor of t and w?
4
Let r(l) = -l**2 - 10*l + 294. Let n be r(0). Let k be (16/6)/(49/n). What is the greatest common divisor of 112 and k?
16
Let h(v) = -v**2 - 6*v + 5. Let o be h(-6). Suppose 53*p + 96 - 771 = 38*p. Calculate the highest common divisor of p and o.
5
Suppose 67 - 9 = 12*o - 206. What is the greatest common divisor of 202 and o?
2
Let m(r) = -r**3 - 10*r**2 - 7*r - 5. Let c be m(-10). Suppose -o - 106 + 104 = -5*s, -o = -4*s - 1. What is the highest common factor of c and o?
13
Suppose u - 17*t = -14*t + 480, 2*t + 1475 = 3*u. Calculate the greatest common divisor of 275 and u.
55
Let j be 40/(-60)*(-2943)/6. Calculate the greatest common divisor of j and 24.
3
Let c(i) = -i**3 + 7*i**2 - 4*i + 4. Let q be c(6). Let z = 19 - q. Suppose 45 = 5*y + o, -4*y + 4*o = -27 - 9. What is the highest common divisor of y and z?
3
Suppose -13*r - 209905 = -67*r - 5623. Calculate the highest common divisor of r and 39.
39
Suppose 0 = -29*r - 2340 - 1111. Let o = -34 - r. What is the highest common factor of 68 and o?
17
Let p be (-2)/((10/(-35))/(4560/336)). Let u be (-73)/(-5) + (-4)/(-10). What is the highest common divisor of p and u?
5
Let b(j) = 15635*j + 219520. Let p be b(-14). Suppose 0 = -7*y + 2*y + 1350. Calculate the highest common divisor of y and p.
90
Let l = -525 + 675. Let t(d) = d**2 - 15*d - 4. Let a be t(7). Let x be (-11)/(22/a) + 0. What is the highest common divisor of x and l?
30
Let x(o) = -889*o - 4501. Let t be x(-6). Calculate the greatest common divisor of 2261 and t.
119
Suppose -234 = -3*y - 2*r, -5*r + 390 = 5*y - 0*y. Let w(s) = 12295*s - 135219. Let t be w(11). Calculate the greatest common divisor of t and y.
26
Let l(f) = -43*f - 1. Let z be l(-1). Let d = -577 + 594. Suppose 0 = d*r - 35*r + 1890. Calculate the greatest common factor of r and z.
21
Let q = 7009 + -7000. Suppose k + k = -36. Let l be (-1)/(0 + 2/k). What is the highest common divisor of q and l?
9
Let t = 31 + -16. Let g = t + -20. Let h be 59 + g/(-8 - -3). Calculate the highest common factor of 20 and h.
20
Suppose 22*d - 2*y + 42360 = 27*d, 4*d = -5*y + 33905. Calculate the highest common divisor of d and 105.
35
Let f = 34 + -24. Let v(n) = -n**3 - 7*n**2 + n + 9. Let g be v(-7). Let h be 20 - (g + -1 + 4). Calculate the highest common factor of h and f.
5
Let g be (0 - 0) + (-11 + 1 - -275). What is the greatest common divisor of 25 and g?
5
Let f be (-12)/(-15)*175/2. Let k be 4/100*5*5. Let z be ((-4)/(-12) + k)/(8/84). What is the highest common divisor of z and f?
14
Suppose 3*b = 3*s - 115062, -10*s + 11*s + 5*b - 38330 = 0. Calculate the highest common divisor of s and 65.
65
Suppose -11289 = -119*o + 35502 + 35676. What is the highest common factor of o and 56?
7
Let y be 315 - (240/(-12) - -11). Suppose 0 = -3*d + 2*d. Suppose 4*z - 1 - 143 = d. What is the greatest common factor of z and y?
36
Let f be 22*3/(-54)*-18. What is the highest common factor of 1793 and f?
11
Suppose -78 = -2*a + 14*w - 18*w, w = -11*a + 177. Let y = -14 + 26. Suppose 0 = -3*k + 4*k - y. What is the greatest common factor of k and a?
3
Let f(p) = -40*p**3 - 11*p**2 - 24*p + 13. Let o be f(-3). Calculate the highest common divisor of o and 738.
82
Let v(j) = -14*j**3 - j**2 - j. Let w be v(-1). Let o be 1714/2 + -1*1 + -4. Suppose o = 7*u + 68. Calculate the highest common factor of w and u.
14
Let k(l) = 24*l**3 - 3*l**2 - 16*l - 5. Let b be k(4). What is the highest common divisor of b and 516?
129
Let p(d) = 50*d**2 + 197*d + 389. Let r be p(-2). What is the highest common factor of 10959 and r?
39
Let i = 5348 + -5298. Suppose -5*s + 454 = 1334. Let n = 326 + s. What is the highest common factor of i and n?
50
Let z = 2211 + -2031. Calculate the greatest common factor of 96 and z.
12
Let b be (-513)/76 + 2/(-8). Let j be (-1)/b + 2424/84 + -11. Let w be 1/(2/4)*1. Calculate the greatest common factor of w and j.
2
Let q be 3*-2 - (-21)/((-4200)/80)*(-74 - 1). Suppose 2*m - 2*y = 374, -1115 + 207 = -5*m - 4*y. Calculate the highest common factor of q and m.
8
Suppose 2 = -7*w + 6*w, 13 = -3*j + 4*w. Let u = 180 - j. Calculate the greatest common divisor of u and 11.
11
Let b be 1124/6 - 18/(-27). Suppose -4*p + b = 4*t, 5*t = -2*p - p + 231. Let c = t - 29. Calculate the greatest common divisor of c and 80.
16
Let p be (-22)/55 + (-1596)/10. Let i = -145 - p. What is the highest common divisor of i and 255?
15
Suppose 34*a - 64*a = -25*a - 32410. What is the greatest common divisor of a and 42?
14
Suppose 3*m = -6 - 9, -4*m = -5*n + 60. Suppose -n*g = -11*g - 306. Let s be (1/(-1))/((-504)/g - 5). Calculate the highest common factor of s and 119.
17
Suppose -3*o + 4*c + 544 - 501 = 0, 4*c = 2*o - 26. What is the greatest common factor of 697 and o?
17
Let t = -3464 + 3492. What is the highest common divisor of 7 and t?
7
Let k(h) = -18*h**3 + 3*h**2 + 17*h + 14. Let o be k(-1). What is the highest common factor of 23976 and o?
18
Let z(g) = -51*g + 308. Let f be z(0). What is the greatest common divisor of 476 and f?
28
Suppose 20 - 48 = -7*z. Suppose -3*h = r - 146, 15*r - 12*r = z*h + 425. What is the greatest common factor of r and 104?
13
Suppose -2*a + 14 = -5*v, -v = 4*a - 6*v - 18. Let x be (3/2)/(a/4). Suppose -7*k + 499 = 331. What is the greatest common factor of k and x?
3
Suppose -119*c + 120*c + 59 = 4*o, 2*o - 29 = c. Calculate the greatest common factor of 5595 and o.
15
Suppose -5*c = 4*b - 150, -b + c = -73 + 31. Let y = b - 18. Let g(z) = z**2 - 11*z + 22. Let v be g(11). Calculate the greatest common factor of y and v.
22
Let m(c) = 103*c - 1498. Let n be m(19). Calculate the greatest common divisor of 85 and n.
17
Suppose -3*l + 47 + 115 = 0. Let t = l + -22. What is the greatest common divisor of 16 and t?
16
Let u be 1/(-2) + 195/(-10). Let r be (u/39 - (-2)/(-13))*-33. Calculate the highest common factor of 55 and r.
11
Suppose -20 = 66*w - 71*w. Suppose u = -3*r - 45 + 632, 0 = -3*u + w*r + 1696. What is the highest common divisor of u and 44?
44
Let q(s) = 2*s**2 - s + 1. Let j be q(1). Suppose v - j*v + 4 = 0. Suppose -48*y - 36 = -54*y. What is the greatest common factor of v and y?
2
Let n = 108 + -101. Suppose -2*p = -d - n*p + 52, d + p = 52. What is the highest common divisor of d and 91?
13
Let j = 8254 + -8199. Suppose 0 = -5*l + 125 + 150. Calculate the greatest common factor of j and l.
55
Suppose 9*h + x = 4*h + 1263, -1020 = -4*h - 4*x. Let u = h - 128. Suppose 28 + 3 = z. Calculate the highest common divisor of u and z.
31
Suppose -2*s = 22*s - 1680. Calculate the highest common factor of s and 3325.
35
Suppose 4*c = 1